*3 + 4*z**2 + 24*z + 22. Is o(-1) a prime number?
True
Let h be (-348)/22 - 6/33. Let v be (7452/h)/(1/(-4)). Suppose -2*z + 4*u = -954, v = 4*z + u - 0*u. Is z a prime number?
True
Let h be ((-532)/21)/(2/(-30)). Let b = h + -95. Let r = 346 + b. Is r a composite number?
False
Let z(d) = 267*d**2 - 2*d + 3. Suppose -22 = -r - 20. Is z(r) a composite number?
True
Let c(i) = 1068*i**3 + i**2 + i - 1. Let p(t) = t**2 + 4*t - 4. Let b be -2 + -3*(-2 + 3). Let k be p(b). Is c(k) composite?
False
Let r be -5 + 10 + 2/(-1). Let g = 8 - r. Suppose g*q + 1413 = 4928. Is q prime?
False
Suppose p = -5*r + 6659, -4*p + 418 = -4*r + 5750. Suppose 262 - r = -5*n. Is n a prime number?
False
Is (-18)/4*382862/(-141) composite?
True
Let l = 21 - 12. Suppose -3*f + 4*q - 3 = -14, l = 2*f - q. Suppose 5*z = f*a + 1675, z - a + 2*a - 327 = 0. Is z a composite number?
False
Is (18485/(-5))/(2*(-3)/6) composite?
False
Is (-6)/4*(-16 - (-662970)/(-45)) a prime number?
True
Suppose 29 = 2*u - 7*u - 4*t, 2*u - 5*t = -38. Let y = -12 - u. Let h(b) = 13*b**2 + 4*b + 4. Is h(y) composite?
False
Suppose -72 + 1434 = -t. Let m = 791 - t. Is m prime?
True
Let u = 856 - 1200. Let h = -191 - u. Let t = h - 26. Is t a composite number?
False
Suppose 5*o + 1295 = -2*h + 6233, -4*o + 16 = 0. Is h prime?
True
Let x(u) = 186*u + 22. Let t be x(10). Let p = 4539 - t. Is p a composite number?
False
Suppose 0 = 3*a - 46 - 8. Let r(d) = -6 - 3*d + 4 - a*d**2 + 38*d**2. Is r(-3) composite?
True
Let l be 3 - -3*10/(-2). Is l/78 + 4138/26 a prime number?
False
Let f be 1 + -4 + 6 + 188. Let u = f - -600. Is u composite?
True
Let r be (5 - 44/8)*1092. Let x = 863 + r. Is x composite?
False
Let w = 42496 + -22985. Is w prime?
False
Suppose -r + 24 = 3*j, -47 = -3*r - 4*j - 0*j. Suppose -r*u = -5*u - 708. Is u a composite number?
True
Suppose 3*f + 190 - 40 = 0. Is 10/f - 28968/(-15) composite?
False
Let o be (-208)/34 - 5*12/(-510). Let m = 1 - 2. Is m + 252 - (o - -4) prime?
False
Let d = -10 - -8. Let t(r) = r + 1. Let p be t(d). Is p - (-6 + 3) - -5 a prime number?
True
Is (111307/(-14))/(11/(-22)) a composite number?
False
Let d(a) = -2*a**2 - 4*a + 9. Let b be d(-5). Let s = -13 - b. Suppose -s*k + 9*k = 446. Is k a prime number?
False
Suppose 424 = v - j, -4*v - j + 1690 = -2*j. Suppose -v = -5*h + 5333. Is h a composite number?
False
Let a(w) = -396*w**3 + w**2 + w + 1. Let s be a(2). Let b = s - -10816. Is b composite?
True
Let o(j) = -j**3 - 5*j**2 - j - 5. Let d be o(-5). Let y(v) = 12*v**2 + 25*v**2 + d*v + 2*v. Is y(1) composite?
True
Suppose -2*a = 3*a - 4*y - 3, 5*y - 15 = 0. Suppose a = 3*s - 12. Suppose -4*d + 1393 = s*n, 5*n = 4*d + n - 1384. Is d a composite number?
False
Let c(s) = 218*s**2 - s - 3. Suppose 0*r = 6*r + 12. Is c(r) prime?
False
Suppose 5*c - 3*x - x - 2451 = 0, c - 490 = x. Is c composite?
False
Let d = -851 + 2316. Is d composite?
True
Let b = -9 + 11. Suppose m = 3*q - 9, -6*m = b*q - m - 23. Suppose -q*o = -2*z - 644, 5*o + z - 805 = -0*z. Is o prime?
False
Is (-12)/4 - (-9)/(9/2812) a prime number?
False
Suppose -8*a + 3*a + 15 = 0. Suppose -a*x - 218 = -2*k - 7*x, 5*k + 4*x = 515. Let u = 196 + k. Is u composite?
True
Is 5937 + 43 + 1 + 0/(-2) a composite number?
False
Let c = 36 - 26. Let t(v) = v. Let k(u) = 2*u**2 - 6*u - 3. Let j(y) = k(y) - 6*t(y). Is j(c) prime?
False
Let l(v) = 8*v + 9. Let d be l(-8). Let r be ((-3)/(-15)*-4)/((-2)/595). Let h = r - d. Is h composite?
False
Suppose 17739 = 2*f + c - 438, -c - 9090 = -f. Is f a composite number?
True
Let i(g) = g - 5. Let u(c) = c - 3. Let w(d) = 5*i(d) - 8*u(d). Let q be w(-1). Suppose 0 = 3*r - 4*m - 57, -29 = 5*r - q*m - 124. Is r a composite number?
False
Let z = 9 - 5. Suppose z*r = 4*l - 3*l + 14, l + 3*r = 7. Is (-398)/(-12)*l*-3 composite?
False
Suppose -2*m = 5*m + 25725. Let c = m - -5848. Is c composite?
True
Let u be 4 - ((-12)/(-18))/(2/6). Suppose -3*x = u*c - 2*x - 1953, 4*c + 5*x - 3903 = 0. Is c prime?
True
Let f(t) = -18*t + 31. Let d(y) = y - 11. Let r be d(4). Is f(r) a composite number?
False
Is (1 - (-104404)/20) + 7/(-35) a prime number?
False
Let v = 29 - 29. Suppose 2*x - 502 = -v*x. Is x a composite number?
False
Let i = 39 - 36. Suppose 0 = i*z - 2*l - l - 1947, l + 1947 = 3*z. Is z composite?
True
Let b(k) = -3 - 8*k**2 - 15*k - k**2 + 11*k**2. Let q be b(8). Suppose -689 = -q*m - 54. Is m prime?
True
Suppose 7 = -3*r + 16. Suppose -r*i = 0, 2*z - 4*i + 345 = 3*z. Suppose 2*v - z = -v. Is v a prime number?
False
Let i(v) = 305*v + 108. Is i(13) composite?
False
Let m = 3021 - 860. Is m prime?
True
Let i = 72 - 66. Suppose i*d + 0*d - 2082 = 0. Is d prime?
True
Let m be 1/1 + (0/(-1) - -3). Let t(p) = 73*p**2 + 10*p - 21. Is t(m) prime?
True
Let v be 3 + -1 + 348 + 2. Suppose v = 3*r - 656. Suppose 5*g - 730 = -3*o, r = 4*g + o - 255. Is g a composite number?
False
Suppose 0 = -12*m + 188230 - 21922. Is m prime?
True
Suppose 0 = 4*b - i - 2336 - 2390, -2*b + 4*i = -2370. Is b a composite number?
False
Suppose -7*m = -10*m + 9. Is 2/m + (-1348)/(-12) prime?
True
Let v(d) = -105*d + 73. Is v(-14) a prime number?
True
Let m(v) = 2*v**3 + 15*v**2 + 21*v - 5. Let l(z) = 2*z**3 + 16*z**2 + 22*z - 6. Let u(f) = 4*l(f) - 5*m(f). Is u(-7) a prime number?
False
Let l(k) = -799*k**3. Let r(h) = -20*h**3. Let a = -22 - -16. Let g(o) = a*l(o) + 238*r(o). Is g(1) prime?
False
Let q(g) = -1036*g + 69. Is q(-4) prime?
False
Let q = 19146 - -60793. Is q prime?
True
Let x = 9 - -2. Let l = 9 - x. Is l*(51/(-6) - 3) a prime number?
True
Let u = 67 - 101. Let q = 327 + u. Is q prime?
True
Let g(w) = w**3 + 8*w**2 + 3*w + 3. Let v = -39 - -74. Suppose 4*m + 2*b = 4*b - 28, v = -5*m + 2*b. Is g(m) a prime number?
True
Suppose -8*b = -4*b + 3*t + 415, -2*t - 312 = 3*b. Let p be (-15)/4 - 21/(-28). Is (b/p)/((-20)/(-150)) composite?
True
Let a(g) = 66005*g + 4. Is a(1) composite?
True
Let i(h) be the first derivative of -h**3/3 - 6*h**2 - 11*h + 8. Let z be i(-11). Let g = 21 - z. Is g a composite number?
True
Is (0 - -1)*(7868 + -15) composite?
False
Let k = -21 - -25. Suppose 0 = -k*g - 0*g + 4176. Suppose 5*z - 4*y = 2597, -2*z - y + 0*y + g = 0. Is z prime?
True
Let i(j) = -7*j - 13 - j - 2 + 4. Let l be i(-10). Suppose -2*b - 7 = -l. Is b a composite number?
False
Suppose -4*i + 65585 = 9*i. Is i prime?
False
Suppose -3*g + 8*g + 22155 = 5*n, 3*g = -n + 4435. Let b = 667 + n. Is b a composite number?
False
Suppose 4*j = -7*j + 33. Suppose -3*r - 226 = 4*b + 226, 2*b = -2*r - 228. Let s = j - b. Is s a composite number?
False
Let l = 920 + 4697. Is l prime?
False
Suppose 2*n + n + 5*u - 487 = 0, 5*n + 3*u - 833 = 0. Is n composite?
True
Let f(p) = -41*p**3 - 3*p**2 + 2*p + 1. Let y be f(2). Let t = y + 889. Is t composite?
True
Let l = 9 - 12. Let r be 2/4*0 - l. Suppose -r*v + 8 = -37. Is v prime?
False
Let f = -538 - -1867. Suppose f = 3*q - 1689. Is q a prime number?
False
Let g(y) be the first derivative of 50*y**2 - y + 3. Let c be g(1). Suppose -2*u - c = -5*u. Is u prime?
False
Suppose 5*f + 4*q + 21 = 0, 2*f + 2*q - 1 = -9. Is ((11510/(-4))/f)/((-1)/(-2)) a prime number?
True
Let j be 5/2*(-18)/(-15). Is j/(-9) - (-106820)/15 prime?
True
Suppose -x = 2*q - 19, -4*x - q = -6*q - 50. Is (128/3 + 3)*x prime?
False
Let n = 103 + -102. Is 1/(n/(-4 + 3))*-541 a composite number?
False
Suppose 85*h + 10765 = 90*h. Is h prime?
True
Suppose -3*j + 16 = -0*j + 2*h, -4*j + 4*h - 12 = 0. Let w = 87 + j. Is w prime?
True
Suppose 4*h = 21175 + 24033. Is h prime?
False
Let o(f) = f**3 + 3. Let a be o(0). Suppose -28*s + 2*b = -23*s - 323, 2*b = 2. Is (21/7)/(a/s) a prime number?
False
Suppose 3*w = -5*y + 2758, 5*y = 8*w - 4*w - 3689. Is w a prime number?
False
Suppose 4*w = -w + 1285. Suppose n - 236 = w. Is n a composite number?
True
Suppose 4*r + 19*m + 948 = 21*m, 2*m + 1203 = -5*r. Let l be ((-16)/6)/(2/(-357)). Let o = l + r. Is o a composite number?
True
Suppose -8461 - 2018 = -3*h. Is h a prime number?
False
Suppose 0 = -2*p + 7*p - 5, 4*p - 7 = -c. Let t be 1 + (-2)/((-2)/357). Is t*(-1)/(-6)*c a composite number?
False
Suppose -4*z = g - 10, -2*g - 4*z + 4 + 4 = 0. Let i = -223 - -129. Is -8*i/(-16)*g composite?
True
Suppose -a = -78 - 223. Suppose 89 - a = 2*q. Let s = q + 235